NOAA Reports/Αναφορές NOAA

Select a Year or Month report
2017 > Jan Feb Mar Apr May Jun Jul Aug Sep Oct Nov Dec
2016 > Jan Feb Mar Apr May Jun Jul Aug Sep Oct Nov Dec
2015 > Jan Feb Mar Apr May Jun Jul Aug Sep Oct Nov Dec

Report for 2017 11
                   MONTHLY CLIMATOLOGICAL SUMMARY for NOV. 2017

NAME: Kritsa Weather Station   CITY: Kritsa   STATE: Greece 
ELEV:   270 m  LAT:  35 06' 00" N  LONG:  25 24' 00" E

                   TEMPERATURE (C), RAIN  (mm), WIND SPEED (km/hr)

                                      HEAT  COOL        AVG
    MEAN                              DEG   DEG         WIND                 DOM
DAY TEMP  HIGH   TIME   LOW    TIME   DAYS  DAYS  RAIN  SPEED HIGH   TIME    DIR
------------------------------------------------------------------------------------
 1  14.7  16.9   13:00  12.8   22:50   3.6   0.0   0.0   9.2  38.6   13:00   NNE
 2  14.1  18.6   13:50   9.9   22:10   4.3   0.0   0.0   5.8  37.0    9:10   NNE
 3  13.9  18.4   14:50   9.2    5:10   4.4   0.0   0.0   1.4  19.3   10:30   ENE
 4  15.2  19.2   12:40  13.2    1:10   3.1   0.0   9.4   1.1  25.7   17:10   NNE
 5  15.4  18.4   13:40  12.8   00:00   2.9   0.0   0.0   5.1  35.4    9:30   NNE
 6  13.6  17.9   11:10  10.1    5:50   4.7   0.0   0.0   2.1  24.1   10:30     E
 7  14.5  18.9   14:30  10.6    5:50   3.8   0.0   0.0   0.6  14.5   12:50   ENE
 8  18.2  25.1   14:40  12.6    1:40   1.9   1.8   0.0   0.8  17.7   13:10     W
 9  16.7  20.8   10:10  13.4    6:50   2.0   0.4   0.0   1.3  19.3   11:30   ENE
10  15.4  19.7   11:20  12.1   22:30   3.0   0.1   0.0   2.1  22.5   10:30    NE
11  16.2  21.7   13:40  11.7    6:40   2.8   0.7   0.0   1.4  20.9   10:40    NE
12  17.3  24.0   12:50  13.4    4:30   1.8   0.8   0.0   6.3  43.5   23:50   ESE
13  17.3  20.1    9:40  13.1   23:50   1.2   0.2   5.2   8.5  57.9    9:30    SE
14  17.1  22.0   12:50  12.2    6:50   2.0   0.8   0.0   3.5  45.1   16:30    SW
15  17.9  21.2   12:50  15.4    4:20   0.9   0.5   5.2   4.3  29.0   13:00    SE
16  18.0  23.9   12:50  13.7    6:20   1.5   1.2   0.0   3.2  43.5   23:50    SE
17  17.6  20.1   12:30  14.0   23:20   1.1   0.3  11.0   3.5  40.2    0:30    SE
18  16.1  21.1   14:00  12.6    6:50   2.2   0.4   0.0   1.8  27.4   11:00   SSW
19  15.2  18.4   15:50  13.5   22:00   1.1   0.0   0.0   0.2  11.3   19:50     W
20  15.3  20.4   11:10  10.7   23:10   3.2   0.2   2.4   3.4  38.6   19:10     W
21  11.6  13.4   10:50   8.4   23:00   6.7   0.0   0.0   6.3  40.2   11:00   NNE
22  13.2  16.4   13:30   8.7    0:40   3.2   0.0   0.0   1.0  16.1   14:50   ENE
23  15.7  19.2   11:30  12.2   22:20   1.7   0.0   0.0   0.8  14.5   12:10   ENE
24  12.1  17.3    9:40  10.3    5:30   2.5   0.0   0.0   0.0   6.4    0:50   NNE
25
26
27
28
29
30
-------------------------------------------------------------------------------------
    15.5  25.1     8     8.4    21    65.7   7.6  33.2   3.1  57.9    13     NNE

Max >=  32.0:  0
Max <=   0.0:  0
Min <=   0.0:  0
Min <= -18.0:  0
Max Rain: 11.00 ON 17/11/17
Days of Rain: 5 (> .2 mm) 5 (> 2 mm) 0 (> 20 mm)
Heat Base:  18.3  Cool Base:  18.3  Method: Integration