NOAA Reports/Αναφορές NOAA

Select a Year or Month report
2018 > Jan Feb Mar Apr May Jun Jul Aug Sep Oct Nov Dec
2017 > Jan Feb Mar Apr May Jun Jul Aug Sep Oct Nov Dec
2016 > Jan Feb Mar Apr May Jun Jul Aug Sep Oct Nov Dec
2015 > Jan Feb Mar Apr May Jun Jul Aug Sep Oct Nov Dec

Report for 2018 06
                   MONTHLY CLIMATOLOGICAL SUMMARY for JUN. 2018

NAME: Kritsa Weather Station   CITY: Kritsa   STATE: Greece 
ELEV:   270 m  LAT:  35 06' 00" N  LONG:  25 24' 00" E

                   TEMPERATURE (C), RAIN  (mm), WIND SPEED (km/hr)

                                      HEAT  COOL        AVG
    MEAN                              DEG   DEG         WIND                 DOM
DAY TEMP  HIGH   TIME   LOW    TIME   DAYS  DAYS  RAIN  SPEED HIGH   TIME    DIR
------------------------------------------------------------------------------------
 1  23.2  26.8   15:20  20.1    2:30   0.0   4.5   0.0   6.9  48.3    8:20   WNW
 2  26.1  30.2   15:10  21.8   00:00   0.0   7.8   0.0   7.9  38.6    9:30   NNE
 3  27.4  30.0   14:00  21.2    0:50   0.0   3.1   0.0   2.7  35.4   14:40   NNE
 4  26.4  30.6   16:30  21.8    5:50   0.0   7.9   0.0   5.5  38.6   15:10   NNE
 5  26.4  31.2   15:10  22.1    6:20   0.0   8.1   0.0   3.7  24.1   15:40   ENE
 6  28.9  34.1   13:00  23.8    1:00   0.0   9.6   0.0   4.0  29.0   11:40   ENE
 7  27.7  33.3   10:50  24.1    3:10   0.0   9.4   0.0   3.4  24.1   14:00   ENE
 8  26.3  30.4   15:20  22.6    4:50   0.0   8.0   0.0   3.5  20.9   13:50   ENE
 9  29.6  38.3   13:20  22.3   23:40   0.0   8.2   0.0   3.5  29.0   12:30   ENE
10  26.3  28.9   14:40  22.4   22:50   0.0   4.5   0.0   3.9  33.8   17:00     W
11  25.6  28.8   11:50  20.4    6:10   0.0   6.5   0.0   6.1  51.5   22:50     W
12  27.7  32.0   15:00  23.8   22:30   0.0   8.6   0.0   8.2  43.5   13:20   NNE
13  28.1  32.8   15:30  21.9    4:10   0.0   8.6   0.0   6.0  40.2    5:30   NNE
14  27.6  32.1   13:00  23.9    2:20   0.0   7.8   0.0   3.4  25.7   13:30   ENE
15  25.2  31.4    8:10  21.5   23:30   0.0   6.9   0.0   4.7  38.6   11:40   ENE
16  23.2  27.7   13:40  20.1    6:50   0.0   3.3   0.0   2.6  20.9   12:00   ENE
17
18
19
20
21
22
23
24
25
26
27
28
29
30
-------------------------------------------------------------------------------------
    26.6  38.3     9    20.1     1     0.0 112.9   0.0   4.7  51.5    11     ENE

Max >=  32.0:  6
Max <=   0.0:  0
Min <=   0.0:  0
Min <= -18.0:  0
Max Rain: 0.00 ON 01/06/18
Days of Rain: 0 (> .2 mm) 0 (> 2 mm) 0 (> 20 mm)
Heat Base:  18.3  Cool Base:  18.3  Method: Integration