NOAA Reports/Αναφορές NOAA

Select a Year or Month report
2017 > Jan Feb Mar Apr May Jun Jul Aug Sep Oct Nov Dec
2016 > Jan Feb Mar Apr May Jun Jul Aug Sep Oct Nov Dec
2015 > Jan Feb Mar Apr May Jun Jul Aug Sep Oct Nov Dec

Report for 2017 09
                   MONTHLY CLIMATOLOGICAL SUMMARY for SEP. 2017

NAME: Kritsa Weather Station   CITY: Kritsa   STATE: Greece 
ELEV:   270 m  LAT:  35 06' 00" N  LONG:  25 24' 00" E

                   TEMPERATURE (C), RAIN  (mm), WIND SPEED (km/hr)

                                      HEAT  COOL        AVG
    MEAN                              DEG   DEG         WIND                 DOM
DAY TEMP  HIGH   TIME   LOW    TIME   DAYS  DAYS  RAIN  SPEED HIGH   TIME    DIR
------------------------------------------------------------------------------------
 1  23.7  29.9   11:50  18.2    5:50   0.0   5.3   0.0   5.1  33.8   12:00   SSW
 2  24.9  31.7   12:30  19.2    1:00   0.0   6.6   0.0   4.7  32.2    9:20   WSW
 3  26.6  32.2   13:10  20.3    3:20   0.0   8.3   0.0   3.4  25.7   11:20   ENE
 4  26.8  32.6   15:00  21.6   23:50   0.0   8.5   0.0   3.7  29.0   12:10   ENE
 5  23.7  28.7   13:50  19.1    6:20   0.0   5.4   0.0   3.4  24.1   15:50   ENE
 6  23.4  26.0   11:00  20.2    0:20   0.0   5.2   0.0   8.4  38.6   14:30   NNE
 7  23.1  27.1   14:10  18.8    6:30   0.0   4.7   0.0   6.4  30.6   10:00    NE
 8  22.7  27.5   14:30  17.5    6:30   0.0   4.4   0.0   3.1  22.5   12:50   ENE
 9  25.1  30.1   16:20  20.6    7:00   0.0   6.8   0.0   3.1  20.9   15:30   ENE
10  27.1  32.9   13:20  23.3   23:40   0.0   8.8   0.0   2.9  20.9   13:40   ENE
11  28.1  34.2   00:00  21.8    6:00   0.0   9.7   0.0   2.4  33.8   00:00   ENE
12  26.2  34.4    0:20  21.9   23:50   0.0   7.9   0.0   3.1  43.5    0:30   ENE
13  24.4  29.7   15:10  20.1    6:50   0.0   6.2   0.0   3.1  32.2   13:00    NE
14  26.1  31.4   15:20  20.5    1:40   0.0   7.8   0.0   5.6  37.0   13:20   NNE
15  26.1  31.1   15:20  21.0   23:50   0.0   7.8   0.0   5.1  38.6   13:00   NNE
16  24.6  29.9   13:20  19.2    5:10   0.0   6.3   0.0   2.9  25.7   10:40     E
17  25.2  31.5   15:20  19.6    3:50   0.0   6.9   0.0   2.4  25.7   15:40   WSW
18  27.7  34.0   14:30  21.6    2:00   0.0   9.4   0.0   2.4  22.5   13:50   ENE
19  29.5  36.7   12:20  24.8    1:40   0.0  11.2   0.0   2.6  22.5   12:30   ENE
20  29.1  37.2   13:30  23.3   00:00   0.0  10.7   0.0   2.1  24.1   16:10   ENE
21  24.3  28.9   14:40  21.4    7:30   0.0   6.0   0.0   5.0  37.0   22:40     W
22  22.5  26.4   12:50  20.3    4:50   0.0   4.2   0.0   9.8  40.2    1:40     W
23  21.1  24.1   10:50  17.7    7:00   0.0   2.8   0.0   4.0  30.6   16:30    NE
24  20.9  25.2   14:50  17.2    4:20   0.2   2.7   0.0   5.6  37.0   11:30    NE
25  17.4  18.8    0:10  16.6    6:20   0.3   0.0   0.0   0.0   6.4    6:50    SW
26
27
28
29
30
-------------------------------------------------------------------------------------
    24.8  37.2    20    16.6    25     0.5 163.8   0.0   4.0  43.5    12     ENE

Max >=  32.0:  8
Max <=   0.0:  0
Min <=   0.0:  0
Min <= -18.0:  0
Max Rain: 0.00 ON 01/09/17
Days of Rain: 0 (> .2 mm) 0 (> 2 mm) 0 (> 20 mm)
Heat Base:  18.3  Cool Base:  18.3  Method: Integration