NOAA Reports/Αναφορές NOAA

Select a Year or Month report
2018 > Jan Feb Mar Apr May Jun Jul Aug Sep Oct Nov Dec
2017 > Jan Feb Mar Apr May Jun Jul Aug Sep Oct Nov Dec
2016 > Jan Feb Mar Apr May Jun Jul Aug Sep Oct Nov Dec
2015 > Jan Feb Mar Apr May Jun Jul Aug Sep Oct Nov Dec

Report for 2018 02
                   MONTHLY CLIMATOLOGICAL SUMMARY for FEB. 2018

NAME: Kritsa Weather Station   CITY: Kritsa   STATE: Greece 
ELEV:   270 m  LAT:  35 06' 00" N  LONG:  25 24' 00" E

                   TEMPERATURE (C), RAIN  (mm), WIND SPEED (km/hr)

                                      HEAT  COOL        AVG
    MEAN                              DEG   DEG         WIND                 DOM
DAY TEMP  HIGH   TIME   LOW    TIME   DAYS  DAYS  RAIN  SPEED HIGH   TIME    DIR
------------------------------------------------------------------------------------
 1  11.2  15.1   14:00   7.1    6:50   7.1   0.0   0.0   1.0  14.5   10:30     W
 2  12.8  16.6   14:40   8.9    1:10   5.5   0.0   0.0   2.9  37.0   15:40     W
 3  14.5  19.2   15:40  11.7    5:00   3.8   0.0   0.0   1.0  48.3   12:50   NNE
 4  17.3  24.5   18:10  12.4    1:40   1.8   0.9   0.0   7.1  56.3   11:20    SW
 5  13.5  18.0   13:20  10.2   23:20   4.8   0.0   0.0   0.8  14.5   11:20   ENE
 6  11.8  15.3   11:00   9.1    5:10   6.5   0.0   0.0   1.6  16.1   11:10   ENE
 7  16.0  19.9   13:30   9.9    2:10   2.4   0.1   1.2  11.3  64.4   15:10   SSW
 8  15.4  18.5    2:30  11.7   23:10   2.9   0.0   0.0   4.3  49.9    0:20    SW
 9  12.2  14.9   11:50  10.1    4:00   6.1   0.0   0.4   0.2   8.0    5:40   ENE
10  14.1  18.6   11:30  10.8    3:20   4.2   0.0   0.0   8.2  59.5   14:10    SW
11  13.5  17.6   11:30  10.2   00:00   4.8   0.0   0.0   2.9  22.5   12:00     W
12  11.4  16.3   12:00   8.4    6:30   6.9   0.0   2.6   1.8  17.7   12:50    NE
13  12.7  16.5   15:10   8.6    3:50   5.6   0.0   0.0   4.3  29.0   16:00     W
14  13.4  17.3   12:10   9.4   23:20   4.8   0.0   0.0   5.0  38.6    7:30     W
15  10.8  12.8   10:50   9.2   13:00   7.5   0.0  29.4   8.7  62.8   10:40    SW
16  10.0  13.6   12:40   6.5    6:40   8.3   0.0  13.4   2.9  27.4    3:30     W
17  13.1  17.3   11:50  10.7    1:00   5.2   0.0   7.0   9.5  49.9   16:00     W
18  11.9  16.4   13:10   7.6    7:20   6.3   0.0   0.0   1.3  17.7   13:30   ENE
19  11.5  15.5   10:40   8.7    6:20   6.8   0.0   0.0   0.6  12.9   11:40   ENE
20  13.1  17.1   10:40  10.2    6:00   5.3   0.0   0.8   2.3  37.0   11:50    SW
21  11.8  16.7   14:40   9.3   23:50   6.5   0.0  12.8   2.3  30.6    0:40    SW
22  12.3  17.8   13:50   8.7    6:20   6.0   0.0   0.0   0.8  16.1   14:20   WSW
23  12.4  16.7    9:20   9.4    5:40   5.9   0.0   0.0   2.1  32.2   14:30   ENE
24  13.3  17.9   13:50   9.6    2:40   4.9   0.0   8.0   4.7  53.1    9:40    SW
25  12.4  16.6   10:50   8.7    4:20   5.9   0.0   1.6   3.5  32.2    5:20     W
26   9.8   9.9    0:10   9.6    1:20   0.5   0.0   0.0   0.0   3.2    1:30     W
27
28
-------------------------------------------------------------------------------------
    12.8  24.5     4     6.5    16   136.4   1.0  77.2   3.5  64.4     7       W

Max >=  32.0:  0
Max <=   0.0:  0
Min <=   0.0:  0
Min <= -18.0:  0
Max Rain: 29.39 ON 15/02/18
Days of Rain: 10 (> .2 mm) 6 (> 2 mm) 1 (> 20 mm)
Heat Base:  18.3  Cool Base:  18.3  Method: Integration